 factor of 24231642?
False
Does 62 divide 492160645?
False
Is 6 a factor of 18747474?
True
Does 18 divide 123255882?
True
Is 33 a factor of 126708828?
False
Does 57 divide 2699264412?
True
Is 16 a factor of 90550576?
True
Is 208812825 a multiple of 975?
True
Is 1093 a factor of 81091620?
False
Is 28497420 a multiple of 27?
True
Does 535 divide 454006885?
True
Does 43 divide 82962093?
True
Is 384554707 a multiple of 2?
False
Is 60 a factor of 694026058?
False
Is 52 a factor of 94179999?
False
Is 1762 a factor of 1389754594?
True
Does 114 divide 1764980376?
True
Is 1096 a factor of 39056413?
False
Is 3 a factor of 1637769101?
False
Does 392 divide 49745192?
True
Does 11 divide 79829453?
True
Is 7 a factor of 147558831?
True
Is 880027130 a multiple of 10?
True
Is 25644148 a multiple of 76?
True
Is 68 a factor of 8786887?
False
Is 821589 a multiple of 137?
True
Does 115 divide 880734055?
True
Is 286 a factor of 591990256?
True
Is 28 a factor of 25368084?
True
Is 272 a factor of 127339247?
False
Is 266 a factor of 102749264?
False
Does 516 divide 1740065?
False
Is 1390222379 a multiple of 13?
True
Is 304028224 a multiple of 27?
False
Does 34 divide 38876048?
False
Does 232 divide 261931248?
True
Does 4 divide 14925578?
False
Is 2 a factor of 268612742?
True
Does 3613 divide 315874313?
False
Is 55543241 a multiple of 294?
False
Is 986985502 a multiple of 42?
False
Is 1697454961 a multiple of 47?
True
Is 3 a factor of 45241917?
True
Does 5660 divide 6871579640?
False
Is 2 a factor of 51950566?
True
Is 59204490 a multiple of 1510?
False
Is 257 a factor of 87936405?
True
Is 36 a factor of 90448956?
True
Is 403312914 a multiple of 9?
True
Is 7764662 a multiple of 82?
True
Is 9540440 a multiple of 774?
False
Is 9635584 a multiple of 28?
True
Does 22 divide 2320845784?
False
Is 21 a factor of 588714?
True
Is 321623625 a multiple of 75?
True
Is 239899242 a multiple of 5?
False
Is 1140 a factor of 16797900?
True
Does 1213 divide 291869090?
False
Does 327 divide 43926564?
True
Is 41976000 a multiple of 3498?
True
Does 66 divide 8817336?
True
Does 25 divide 307952475?
True
Does 895 divide 2289906396?
False
Is 36457509 a multiple of 7?
False
Does 8 divide 3095600984?
True
Is 429 a factor of 450605298?
True
Is 36977040 a multiple of 34?
True
Does 174 divide 2610763?
False
Is 1438 a factor of 923414576?
True
Does 200 divide 7263200?
True
Is 10 a factor of 481992098?
False
Is 831589886 a multiple of 23?
True
Is 115 a factor of 105657676?
False
Is 1865984408 a multiple of 844?
True
Does 13 divide 18519751?
False
Is 52320843 a multiple of 3170?
False
Does 258 divide 53363688?
True
Is 29 a factor of 3182233607?
False
Is 76 a factor of 152402268?
True
Is 4853402759 a multiple of 435?
False
Is 15 a factor of 478795398?
False
Is 334658057 a multiple of 189?
False
Is 26024297 a multiple of 61?
False
Does 703 divide 61666457?
True
Is 56 a factor of 167650397?
False
Is 46163304 a multiple of 1188?
True
Is 20663205 a multiple of 13?
False
Is 9 a factor of 449020476?
True
Is 9 a factor of 409801854?
False
Is 128865332 a multiple of 1731?
False
Is 828637194 a multiple of 21?
True
Does 171 divide 22584716?
False
Is 71 a factor of 5963893?
False
Does 26 divide 48573689?
False
Does 145 divide 2275050?
True
Does 5 divide 1077150?
True
Is 1796592 a multiple of 25?
False
Is 190 a factor of 148855310?
True
Does 13 divide 789853090?
True
Does 8 divide 8651192?
True
Is 156385010 a multiple of 8461?
False
Is 13 a factor of 23933936?
True
Does 833 divide 14458405?
False
Is 19 a factor of 34612965?
True
Is 7 a factor of 53488673?
True
Does 628 divide 106072968?
True
Does 2818 divide 793072215?
False
Is 3 a factor of 14280910?
False
Is 17 a factor of 324894412?
True
Is 49 a factor of 8706418?
True
Does 39 divide 51666342?
True
Does 13 divide 887652749?
False
Is 1376809 a multiple of 2?
False
Does 2493 divide 321561624?
False
Is 2953777316 a multiple of 38?
True
Does 27 divide 18419670?
True
Does 41 divide 120327010?
False
Is 7 a factor of 10848335?
False
Is 36 a factor of 318549460?
False
Is 34 a factor of 108167974?
True
Is 75 a factor of 12283440?
False
Does 11 divide 11439638?
False
Does 5 divide 11266365?
True
Does 5579 divide 59702093?
False
Is 41663657 a multiple of 54?
False
Is 22 a factor of 53695400?
True
Is 39128967 a multiple of 148?
False
Is 85 a factor of 329734465?
True
Is 28 a factor of 133815612?
True
Is 326 a factor of 176810338?
True
Is 132 a factor of 2318252?
False
Is 47186523 a multiple of 4171?
True
Does 1828 divide 17698696?
True
Is 78 a factor of 945594?
True
Is 1065068168 a multiple of 4177?
True
Is 40 a factor of 14885519?
False
Does 449 divide 86443276?
True
Is 19058890 a multiple of 111?
False
Does 62 divide 38180654?
True
Is 59 a factor of 90325392?
False
Is 9913156 a multiple of 38?
False
Does 12 divide 78169630?
False
Is 16 a factor of 33745552?
True
Is 514396663 a multiple of 1412?
False
Is 550499470 a multiple of 17?
False
Is 273627600 a multiple of 200?
True
Does 1629 divide 14771772?
True
Is 289414420 a multiple of 25?
False
Is 68351075 a multiple of 19?
True
Is 667993350 a multiple of 25?
True
Is 19331501 a multiple of 21?
False
Does 78 divide 70093842?
True
Is 703 a factor of 403340626?
True
Is 367497240 a multiple of 30?
True
Is 14 a factor of 8504216?
True
Is 317 a factor of 62939044?
False
Is 42033792 a multiple of 272?
True
Is 6033889 a multiple of 23?
True
Is 31 a factor of 37653778?
True
Is 43476260 a multiple of 184?
False
Does 488 divide 996412552?
True
Does 26 divide 67411214?
True
Is 465853928 a multiple of 163?
False
Does 794 divide 66805160?
False
Is 91 a factor of 27581655?
False
Is 23054978 a multiple of 47?
False
Is 4000 a factor of 2628292000?
True
Does 3 divide 49248489?
True
Is 27348280 a multiple of 1650?
False
Is 4964073816 a multiple of 11064?
True
Is 14305974 a multiple of 1873?
True
Is 1222 a factor of 25669041?
False
Is 22 a factor of 318933631?
False
Is 162085 a multiple of 35?
True
Is 460 a factor of 70583320?
True
Is 121017557 a multiple of 2003?
False
Is 431791453 a multiple of 7?
False
Does 6994 divide 175101513?
False
Is 5927509605 a multiple of 131?
False
Is 15471849 a multiple of 11?
False
Is 141743837 a multiple of 3152?
False
Is 1590 a factor of 17161624?
False
Is 131 a factor of 1387727933?
True
Is 41 a factor of 321899774?
True
Is 9075 a factor of 2056522050?
True
Is 4 a factor of 15334588?
True
Does 1142 divide 299336472?
True
Is 290380378 a multiple of 534?
False
Is 7 a factor of 20195440?
False
Does 109 divide 25287782?
True
Is 24314954 a multiple of 4?
False
Is 25825132 a multiple of 10?
False
Is 143 a factor of 9996250?
False
Does 2 divide 11959112?
True
Is 7 a factor of 149756418?
True
Is 1620441418 a multiple of 74?
True
Does 70 divide 868141276?
False
Is 317102577 a multiple of 14?
False
Does 74 divide 200836068?
False
Is 1218 a factor of 103850334?
True
Does 690 divide 4349070?
True
Is 591 a factor of 65590953?
True
Is 5 a factor of 572679190?
True
Is 163 a factor of 96678010?
False
Does 6 divide 21726324?
True
Is 5 a factor of 12417582?
False
Is 14940935 a multiple of 19?
True
Is 158 a factor of 24955310?
True
Is 1554 a factor of 381963876?
True
Is 230222561 a multiple of 419?
False
Is 4645 a factor of 48436127?
False
Is 2737 a factor of 492462936?
True
Is 1548 a factor of 9212073?
False
Is 647 a factor of 228960360?
True
Does 5 divide 110306215?
True
Is 916 a factor of 599790388?
True
Is 1683 a factor of 121123827?
True
Is 140 a factor of 105092884?
False
Does 13 divide 2078314504?
False
Is 58 a factor of 5031747?
False
Does 1125 divide 4448250?
True
Is 89552792 a multiple of 49?
True
Does 5 divide 940975245?
True
Does 792 divide 286904383?
False
Is 535 a factor of 2758517?
False
Is 96 a factor of 73358304?
True
Is 1191167978 a multiple of 154?
True
Is 116 a factor of 38656875?
False
Is 321 a factor of 11523136?
False
Is 6 a factor of 159333150?
True
Is 1188670028 a multiple of 7?
True
Is 114 a factor of 34166142?
True
Is 1906860 a multiple of 1220?
True
Is 98704032 a multiple of 32?
True
Is 1565488720 a multiple of 80?
True
Is 33899571 a multiple of 177?
True
Is 5 a factor of 19588980?
True
Does 269 divide 81318733?
False
Is 83231115 a multiple of 350?
False
Does 69 divide 18402558?
False
Is 7662117